{"id":1634,"date":"2023-04-12T08:23:47","date_gmt":"2023-04-12T08:23:47","guid":{"rendered":"https:\/\/wplnbb.logistik-bb.de\/?page_id=1634"},"modified":"2026-03-06T10:55:30","modified_gmt":"2026-03-06T09:55:30","slug":"ag-bahnlogistik","status":"publish","type":"page","link":"https:\/\/logistiknetz-bb.de\/?page_id=1634","title":{"rendered":"AG Bahnlogistik"},"content":{"rendered":"\t\t<div data-elementor-type=\"wp-page\" data-elementor-id=\"1634\" class=\"elementor elementor-1634\">\n\t\t\t\t<div class=\"elementor-element elementor-element-1c951b6 e-con-full e-flex e-con e-parent\" data-id=\"1c951b6\" data-element_type=\"container\">\n\t\t\t\t<div class=\"elementor-element elementor-element-526c43b elementor-widget elementor-widget-image\" data-id=\"526c43b\" data-element_type=\"widget\" data-widget_type=\"image.default\">\n\t\t\t\t<div class=\"elementor-widget-container\">\n\t\t\t\t\t\t\t\t\t\t\t\t\t\t\t<img decoding=\"async\" src=\"https:\/\/logistiknetz-bb.de\/wp-content\/uploads\/elementor\/thumbs\/IMG20230628141100-1-scaled-e1695293682456-qg3ctw4ckznwm39r5tal4tyvf018d0kqufnl5l92u8.jpg\" title=\"IMG20230628141100-1\" alt=\"IMG20230628141100-1\" loading=\"lazy\" \/>\t\t\t\t\t\t\t\t\t\t\t\t\t\t\t<\/div>\n\t\t\t\t<\/div>\n\t\t\t\t<\/div>\n\t\t<div class=\"elementor-element elementor-element-ac2afe0 e-flex e-con-boxed e-con e-parent\" data-id=\"ac2afe0\" data-element_type=\"container\">\n\t\t\t\t\t<div class=\"e-con-inner\">\n\t\t\t\t<div class=\"elementor-element elementor-element-ce67c30 elementor-widget elementor-widget-heading\" data-id=\"ce67c30\" data-element_type=\"widget\" data-widget_type=\"heading.default\">\n\t\t\t\t<div class=\"elementor-widget-container\">\n\t\t\t\t\t<h2 class=\"elementor-heading-title elementor-size-default\">AG Bahnlogistik<\/h2>\t\t\t\t<\/div>\n\t\t\t\t<\/div>\n\t\t\t\t\t<\/div>\n\t\t\t\t<\/div>\n\t\t<div class=\"elementor-element elementor-element-d46d30e e-flex e-con-boxed e-con e-parent\" data-id=\"d46d30e\" data-element_type=\"container\">\n\t\t\t\t\t<div class=\"e-con-inner\">\n\t\t<div class=\"elementor-element elementor-element-d859eef e-con-full e-flex e-con e-child\" data-id=\"d859eef\" data-element_type=\"container\">\n\t\t\t\t<div class=\"elementor-element elementor-element-217f44d2 elementor-widget elementor-widget-text-editor\" data-id=\"217f44d2\" data-element_type=\"widget\" data-widget_type=\"text-editor.default\">\n\t\t\t\t<div class=\"elementor-widget-container\">\n\t\t\t\t\t\t\t\t\t<p><\/p>\n<h2 class=\"wp-block-heading\">Unsere Ziele<\/h2>\n<p><\/p>\n<ul>\n<li style=\"list-style-type: none;\">\n<ul><\/ul>\n<\/li>\n<\/ul>\n<ul>\n<li style=\"list-style-type: none;\">\n<ul>\n<li>St\u00e4rkung des nachhaltigen Schieneng\u00fcterverkehrs<\/li>\n<\/ul>\n<\/li>\n<\/ul>\n<p><\/p>\n<ul>\n<li style=\"list-style-type: none;\">\n<ul>\n<li>Transparenz der Informationen verbessern<\/li>\n<\/ul>\n<\/li>\n<\/ul>\n<p><\/p>\n<ul>\n<li style=\"list-style-type: none;\">\n<ul>\n<li>Erhalt und Ausbau der Schieneninfrastruktur<\/li>\n<\/ul>\n<\/li>\n<\/ul>\n<p><\/p>\n<p><\/p>\n<h2 class=\"wp-block-heading\">Unser Angebot<\/h2>\n<p><\/p>\n<ul>\n<li style=\"list-style-type: none;\">\n<ul><\/ul>\n<\/li>\n<\/ul>\n<ul>\n<li style=\"list-style-type: none;\">\n<ul>\n<li>Anlaufberatung &amp; Vernetzung\u00a0<\/li>\n<\/ul>\n<\/li>\n<\/ul>\n<p><\/p>\n<ul>\n<li style=\"list-style-type: none;\">\n<ul>\n<li>Informations- und Erfahrungsaustausch<\/li>\n<\/ul>\n<\/li>\n<\/ul>\n<p><\/p>\n<ul>\n<li style=\"list-style-type: none;\">\n<ul>\n<li>monatliche Bahnsprechstunde<\/li>\n<\/ul>\n<\/li>\n<\/ul>\n<p><\/p>\n<p><\/p>\n<div class=\"wp-block-group is-layout-constrained wp-block-group-is-layout-constrained\"><div class=\"wp-block-group__inner-container\">\n<p><\/p>\n<div class=\"wp-block-group has-pale-cyan-blue-background-color has-background is-layout-constrained wp-block-group-is-layout-constrained\"><div class=\"wp-block-group__inner-container\">\n<p><\/p>\n<h2 class=\"wp-block-heading\">Unser n\u00e4chster Termin<br \/><span style=\"color: #777777; font-family: 'Open Sans', Helvetica, Arial, sans-serif; font-size: 13px;\">Wird bald angek\u00fcndigt<br \/><\/span><strong style=\"color: #777777; font-family: 'Open Sans', Helvetica, Arial, sans-serif; font-size: 13px;\">Anmeldung per Mail bei der LNBB-Gesch\u00e4ftsstelle: <a href=\"mailto:office@logistiknetz-bb.de\">office@logistiknetz-bb.de<\/a><\/strong><span style=\"color: #777777; font-family: 'Open Sans', Helvetica, Arial, sans-serif; font-size: 13px;\">.<\/span><\/h2>\n<\/div>\n<div class=\"wp-block-group has-pale-cyan-blue-background-color has-background\">\n<p><\/p>\n<\/div><\/div>\n<p><\/p>\n<\/div><\/div>\n<p><\/p>\n<h2 class=\"wp-block-heading\">Unsere Region<\/h2>\n<p><\/p>\n<figure class=\"wp-block-image size-full\"><img fetchpriority=\"high\" decoding=\"async\" width=\"510\" height=\"504\" class=\"wp-image-1409\" src=\"https:\/\/logistiknetz-bb.de\/wp-content\/uploads\/alte_lnbb_page\/Unsere_Region.gif\" alt=\"\" \/><\/figure>\n<p><\/p>\n<p><\/p>\n<h2 class=\"wp-block-heading\">Weiterf\u00fchrende Links<\/h2>\n<p><\/p>\n<ul>\n<li style=\"list-style-type: none;\">\n<ul><\/ul>\n<\/li>\n<\/ul>\n<ul>\n<li style=\"list-style-type: none;\">\n<ul>\n<li><a href=\"https:\/\/www.brandenburg-business-guide.de\/de\/\" target=\"_blank\" rel=\"noopener\">Brandenburg Business Guide<\/a><\/li>\n<li><a href=\"https:\/\/www.intermodal-map.com\/\" target=\"_blank\" rel=\"noopener\">Intermodal Map<\/a><\/li>\n<\/ul>\n<\/li>\n<\/ul>\n<p><\/p>\n<div class=\"wp-block-file\">\u00a0<\/div>\n<p><\/p>\t\t\t\t\t\t\t\t<\/div>\n\t\t\t\t<\/div>\n\t\t\t\t<\/div>\n\t\t<div class=\"elementor-element elementor-element-923c75f e-con-full e-flex e-con e-child\" data-id=\"923c75f\" data-element_type=\"container\">\n\t\t\t\t<div class=\"elementor-element elementor-element-2e187d0 elementor-widget elementor-widget-text-editor\" data-id=\"2e187d0\" data-element_type=\"widget\" data-widget_type=\"text-editor.default\">\n\t\t\t\t<div class=\"elementor-widget-container\">\n\t\t\t\t\t\t\t\t\t<p><\/p>\n<h2 class=\"wp-block-heading\">Unsere Ansprechpartner<\/h2>\n<p><\/p>\n<h3 class=\"wp-block-heading\">Bahnoperateure | Bahnunternehmen<\/h3>\n<p><\/p>\n<p><a href=\"https:\/\/www.desag-holding.de\/de\/\" target=\"_blank\" rel=\"noopener\"><strong>Deutsche Eisenbahn Service AG<\/strong><\/a><br \/>Dr. Ralf Boehme\u00a0<br \/><a href=\"mailto:ralf.boehme@desag-holding.de\">ralf.boehme@desag-holding.de<\/a><br \/>Tel.: +49 3398 50 20<\/p>\n<p><\/p>\n<p><\/p>\n<hr \/>\n<p><\/p>\n<p><a href=\"https:\/\/hvle.de\/unternehmen.html\" target=\"_blank\" rel=\"noopener\"><strong>Havell\u00e4ndische<\/strong><strong>\u00a0Eisenbahn AG<\/strong><\/a><br \/>Alexander Kulik\u00a0<br \/><a href=\"mailto:Alexander.Kulik@hvle.de\">Alexander.Kulik@hvle.de<\/a><br \/>Tel.:\u00a0 +49 33234 300 2100<\/p>\n<p><\/p>\n<p><\/p>\n<hr \/>\n<p><\/p>\n<p><a href=\"https:\/\/www.transfracht.com\/transfracht\" target=\"_blank\" rel=\"noopener\"><strong>TFG Transfracht GmbH<\/strong><\/a><br \/>Frank Gedat<br \/><a href=\"mailto:Frank.Gedat@transfracht.com\">Frank.Gedat@transfracht.com<\/a><br \/>Tel.: + 49 30 297 11741<\/p>\n<p><\/p>\n<p><\/p>\n<p><\/p>\n<h3 class=\"wp-block-heading\">\u00a0<\/h3>\n<h3>Bahnstandorte | KV Terminals<\/h3>\n<p><strong><a href=\"https:\/\/www.behala.de\/\">Berliner Hafen- und Lagerhausgesellschaft mbH<\/a><\/strong><br \/>Leon Tietz<br \/><a href=\"mailto:l.tietz@behala.de\">l.tietz@behala.de<\/a><br \/>Tel.: +49 30 \/ 39095-326<\/p>\n<p><\/p>\n<p><\/p>\n<hr \/>\n<p><\/p>\n<p><strong><a href=\"https:\/\/www.rlcw.de\/\">Rail&amp; Logistik Center Wustermark GmbH<\/a><\/strong><span style=\"color: var( --e-global-color-text ); font-weight: var( --e-global-typography-text-font-weight ); text-align: var(--text-align);\"><span style=\"font-family: Calibri, sans-serif;\"><span style=\"font-size: 18.6667px;\"><br \/><\/span><\/span><\/span>Ronny Henkel<br \/><a style=\"font-weight: var( --e-global-typography-text-font-weight ); text-align: var(--text-align); background-color: #ffffff; font-size: 0.875rem;\" href=\"mailto:R.Henkel@rlcw.de\">R.Henkel@rlcw.de<\/a><br \/><span style=\"color: var( --e-global-color-text ); font-weight: var( --e-global-typography-text-font-weight ); text-align: var(--text-align); font-size: 0.875rem;\">Tel.:\u00a0 +49 33234 300 2100<\/span><\/p>\n<p><\/p>\n<p><\/p>\n<hr \/>\n<p><\/p>\n<p><a href=\"https:\/\/fahrweg.dbnetze.com\/fahrweg-de\" target=\"_blank\" rel=\"noopener\"><strong>DB Netz AG<\/strong><\/a><br \/>Falko Mathews<br \/><a href=\"mailto:falko.mathews@deutschebahn.com\">falko.mathews@deutschebahn.com<\/a><br \/>Tel.: +49 30 297 15237<\/p>\n<p><\/p>\n<p><\/p>\n<hr \/>\n<p><\/p>\n<p><a href=\"https:\/\/www.desag-holding.de\/de\/\" target=\"_blank\" rel=\"noopener\"><strong>Deutsche Eisenbahn Service AG<\/strong><\/a><br \/>Ralf Boehme\u00a0<br \/><a href=\"mailto:ralf.boehme@desag-holding.de\">ralf.boehme@desag-holding.de<\/a><br \/>Tel.: +49 3398 50 20<\/p>\n<p>\u00a0<\/p>\n<p><\/p>\n<p><\/p>\n<p><\/p>\n<h3 class=\"wp-block-heading\">Beratung<\/h3>\n<p><\/p>\n<p><a href=\"https:\/\/www.btc-havelland.de\/\" target=\"_blank\" rel=\"noopener\"><strong>BahnTechnologie<\/strong><strong>\u00a0Campus Havelland GmbH<\/strong><\/a><br \/>Manuel Jakob<br \/><a href=\"mailto:manuel.jakob@btc-havelland.de\">manuel.jakob@btc-havelland.de<\/a><br \/>Tel.: +49 33234 300 23 12<\/p>\n<p><\/p>\n<p><\/p>\n<hr \/>\n<p><\/p>\n<p><a href=\"https:\/\/www.ipg-potsdam.de\/\" target=\"_blank\" rel=\"noopener\"><strong>IPG Infrastruktur- und Projektentwicklungsgesellschaft mbH<\/strong><\/a><br \/>Ralf Behrens<br \/><a href=\"mailto:behrens@ipg-potsdam.de\">behrens@ipg-potsdam.de<\/a><br \/>Tel.: +49 331 2008440<\/p>\n<p><\/p>\n<p><\/p>\n<p>Steffen Hartlapp\u00a0<br \/><a href=\"mailto:hartlapp@ipg-potsdam.de\">hartlapp@ipg-potsdam.de<\/a><br \/>Tel.: +49 331 2008436<\/p>\n<p>Wulfram Overmann\u00a0<br \/><a href=\"mailto:hartlapp@ipg-potsdam.de\">overmann@ipg-potsdam.de<\/a><br \/>https:\/\/www.distill-lausitz.de\/<\/p>\n<p><\/p>\n<hr \/>\n<p><\/p>\n<p><a href=\"https:\/\/www.wfbb.de\/\" target=\"_blank\" rel=\"noopener\"><strong>Wirtschaftsf\u00f6rderung Land Brandenburg GmbH (WFBB)<\/strong><\/a><br \/>Sylke Wilde\u00a0<br \/><a href=\"mailto:Sylke.Wilde@wfbb.de\">Sylke.Wilde@wfbb.de<\/a><br \/>Tel.: +49 173 6277491\u00a0<\/p>\n<p><\/p>\t\t\t\t\t\t\t\t<\/div>\n\t\t\t\t<\/div>\n\t\t\t\t<\/div>\n\t\t\t\t\t<\/div>\n\t\t\t\t<\/div>\n\t\t\t\t<\/div>\n\t\t","protected":false},"excerpt":{"rendered":"<p>AG Bahnlogistik Unsere Ziele Unser Angebot Unser n\u00e4chster TerminWird bald angek\u00fcndigtAnmeldung per Mail bei der LNBB-Gesch\u00e4ftsstelle: office@logistiknetz-bb.de. Unsere Region Weiterf\u00fchrende Links<\/p>\n","protected":false},"author":3,"featured_media":1611,"parent":0,"menu_order":0,"comment_status":"closed","ping_status":"closed","template":"template-fullwidth-stretched.php","meta":{"inline_featured_image":false,"footnotes":""},"_links":{"self":[{"href":"https:\/\/logistiknetz-bb.de\/index.php?rest_route=\/wp\/v2\/pages\/1634"}],"collection":[{"href":"https:\/\/logistiknetz-bb.de\/index.php?rest_route=\/wp\/v2\/pages"}],"about":[{"href":"https:\/\/logistiknetz-bb.de\/index.php?rest_route=\/wp\/v2\/types\/page"}],"author":[{"embeddable":true,"href":"https:\/\/logistiknetz-bb.de\/index.php?rest_route=\/wp\/v2\/users\/3"}],"replies":[{"embeddable":true,"href":"https:\/\/logistiknetz-bb.de\/index.php?rest_route=%2Fwp%2Fv2%2Fcomments&post=1634"}],"version-history":[{"count":169,"href":"https:\/\/logistiknetz-bb.de\/index.php?rest_route=\/wp\/v2\/pages\/1634\/revisions"}],"predecessor-version":[{"id":3887,"href":"https:\/\/logistiknetz-bb.de\/index.php?rest_route=\/wp\/v2\/pages\/1634\/revisions\/3887"}],"wp:featuredmedia":[{"embeddable":true,"href":"https:\/\/logistiknetz-bb.de\/index.php?rest_route=\/wp\/v2\/media\/1611"}],"wp:attachment":[{"href":"https:\/\/logistiknetz-bb.de\/index.php?rest_route=%2Fwp%2Fv2%2Fmedia&parent=1634"}],"curies":[{"name":"wp","href":"https:\/\/api.w.org\/{rel}","templated":true}]}}